nvert -2012211110110 (base 3) to base 2.
-100011111100001000111
Convert 188a2 (base 12) to base 16.
8bfa
1012120210001011 (base 3) to base 16
1083b59
What is 221100020210 (base 3) in base 12?
200803
Convert 23630 (base 11) to base 12.
17842
What is -70d98 (base 14) in base 12?
-11120a
Convert -234425 (base 6) to base 2.
-100111111110001
12010114 (base 7) to base 6
34425234
425130 (base 7) to base 5
4330230
Convert -10001101001010010 (base 2) to base 14.
-1c4a6
-100110101011000010 (base 2) to base 6
-3221202
Convert -a0a245 (base 11) to base 6.
-54451011
6261155 (base 8) to base 16
19626d
What is -10011011110010111000 (base 2) in base 4?
-2123302320
What is 4207205 (base 9) in base 10?
2249132
2c246 (base 13) to base 5
10141012
-10101110100110110001000 (base 2) to base 11
-32586a6
What is -1cdc7 (base 16) in base 15?
-25060
-20794 (base 12) to base 2
-1010011001100000
What is bd9d4 (base 15) in base 11?
382029
Convert c5a99 (base 13) to base 8.
1266315
2657a (base 16) to base 2
100110010101111010
1012212022120122 (base 3) to base 12
5a2312b
What is 292015 (base 10) in base 4?
1013102233
What is 3222321321 (base 4) in base 15?
140149
What is 65d28 (base 14) in base 2?
111100010000010000
Convert 12a37 (base 15) to base 16.
e91d
Convert 132112 (base 5) to base 11.
3a72
-4741885 (base 12) to base 2
-110100100010001110100101
Convert 50218 (base 9) to base 10.
32984
-135850 (base 12) to base 2
-1001110010101111100
-212032033 (base 4) to base 11
-a7697
-51325 (base 14) to base 15
-3cd9a
What is 171026 (base 9) in base 12?
51229
89c47 (base 15) to base 10
438142
Convert 137620 (base 10) to base 9.
228701
What is 18586aa (base 12) in base 7?
61210426
What is -1173209 (base 10) in base 12?
-486b35
Convert -30100303220 (base 4) to base 14.
-5d96c0
Convert -53a49c (base 14) to base 2.
-1010110011100101011010
-b5579b (base 12) to base 7
-33141533
What is -8d3b37 (base 14) in base 9?
-10044372
-82443 (base 10) to base 12
-3b863
Convert -222351103 (base 6) to base 7.
-46234440
What is -948343 (base 11) in base 8?
-5626751
Convert 1101010010111100111 (base 2) to base 7.
3463140
Convert -13054221 (base 7) to base 15.
-1878c0
What is 91072 (base 14) in base 8?
1250654
-1100766 (base 9) to base 2
-10010000010100001101
Convert -21010211100112 (base 3) to base 13.
-a2b723
Convert 4121342 (base 7) to base 8.
1702265
Convert -5145010 (base 8) to base 15.
-1bda45
What is 620263a (base 11) in base 14?
165244b
What is 206599 (base 11) in base 6?
11031253
What is -22321142 (base 5) in base 4?
-300122121
What is -1bc430 (base 13) in base 11?
-447387
200000221001 (base 3) to base 2
1010110101010011010
Convert -200103133 (base 4) to base 16.
-204df
What is -8bd444 (base 14) in base 4?
-102022201110
Convert 9c4a3 (base 13) to base 7.
2262431
Convert 11001101001101110 (base 2) to base 12.
5097a
Convert 307407 (base 10) to base 13.
a9bc9
What is 10241246 (base 8) in base 7?
24345646
What is -3307552 (base 8) in base 10?
-888682
1741a2 (base 15) to base 9
2107728
-2b591a (base 15) to base 16
-1ff5d6
Convert 135c0a (base 13) to base 8.
1625757
What is -1311644 (base 9) in base 6?
-23204404
What is 2356250 (base 9) in base 2?
100110111110111100111
Convert -8d68d2 (base 15) to base 2.
-11001110001010000101100
Convert -2de75b (base 15) to base 13.
-5cc144
What is 76a280 (base 12) in base 7?
22004301
Convert 217506 (base 16) to base 6.
114555050
What is -374163 (base 10) in base 14?
-9a4dd
37a2a (base 13) to base 11
70254
-1520444 (base 7) to base 15
-413ae
What is -5755447 (base 8) in base 12?
-63491b
What is -3012202441 (base 5) in base 3?
-102020120200001
Convert -11101101101111100 (base 2) to base 14.
-32508
What is -506075 (base 12) in base 15?
-19bb12
Convert -1032401312 (base 5) to base 2.
-1000100000110010100001
What is 255602 (base 9) in base 13?
5574b
What is 210101220110002 (base 3) in base 11?
646a160
4109bc (base 13) to base 16
171f91
What is 732553 (base 8) in base 11?
156676
733360 (base 8) to base 2
111011011011110000
Convert 4c391 (base 13) to base 15.
2bca8
Convert -1100011010110101 (base 2) to base 3.
-2120210001
Convert 1083686 (base 10) to base 3.
2001001112112
1111101100011111011010 (base 2) to base 10
4114394
What is 643a7 (base 12) in base 4?
200030233
-202132320110 (base 4) to base 10
-9039380
Convert 2001012210201 (base 3) to base 14.
2040c4
Convert -110110011010000 (base 2) to base 3.
-1102012201
What is -b7922 (base 12) in base 13?
-85c10
Convert -1bb311a (base 12) to base 10.
-5956582
Convert -523a7 (base 13) to base 8.
-440603
What is afe8b9 (base 16) in base 6?
1051032041
What is -22001112221 (base 3) in base 12?
-77944
1e9757 (base 15) to base 5
341001112
-22004040 (base 6) to base 8
-2375370
What is -22002100012 (base 3) in base 14?
-42014
Convert 256720 (base 11) to base 9.
675358
Convert -123822 (base 10) to base 2.
-11110001110101110
Convert -4c24a6 (base 13) to base 7.
-21403226
-211342241 (base 6) to base 2
-1110001010111100110001
Convert -202000021 (base 3) to base 5.
-431322
What is 1320201 (base 6) in base 11?
4a645
What is 122202220112121 (base 3) in base 8?
44021237
-1011000001010001010 (base 2) to base 8
-1301212
What is 31304455 (base 6) in base 2?
11011110010111110011
Convert 101201222012 (base 3) to base 11.
134901
Convert -595b33 (base 16) to base 2.
-10110010101101100110011
2862973 (base 10) to base 5
1213103343
Convert -10aa32 (base 15) to base 3.
-1111102010002
What is 1948584 (base 14) in base 12?
4250974
Convert 452622 (base 7) to base 12.
3a519
1002121111110 (base 3) to base 6
20254150
-3013047 (base 8) to base 3
-1111020120011
What is aa461a (base 11) in base 16?
1ae6af
Convert 720997 (base 10) to base 7.
6062014
-3450032 (base 7) to base 10
-432203
What is 102021012000 (base 3) in base 5?
24044001
What is -148a70 (base 16) in base 13?
-38195a
-110011330 (base 4) to base 13
-2b5ca
What is -7370819 (base 10) in base 14?
-d9c231
Convert -10011100101110111111001 (base 2) to base 3.
-100122221002020
Convert -162b5 (base 15) to base 8.
-213507
35a8e (base 15) to base 12
83052
Convert -2321c (base 15) to base 13.
-3bbb0
What is 7995452 (base 10) in base 8?
36400074
Convert 4054 (base 15) to base 2.
11010100001011
What is 1011110101110101100011 (base 2) in base 13?
848b5b
Convert -1424264 (base 7) to base 15.
-3b9b5
Convert 40707 (base 13) to base 10.
115434
-dc944 (base 14) to base 7
-4353214
What is -14520236 (base 8) in base 10?
-3317918
Convert -2264726 (base 9) to base 11.
-766554
74b27 (base 13) to base 5
23214412
Convert 1011111220100 (base 3) to base 16.
97713
What is 60223354 (base 7) in base 13?
1055194
Convert -4466514 (base 10) to base 13.
-c05010
Convert -d608 (base 14) to base 16.
-8ff8
-902027 (base 10) to base 5
-212331102
-7307 (base 11) to base 4
-2113113
What is -5530240 (base 6) in base 2?
-1000011011010110000
What is -5515014 (base 6) in base 13?
-97c6c
Convert -2012101201 (base 3) to base 15.
-cc6a
-31212013 (base 4) to base 16
-d987
-2040345 (base 8) to base 15
-aa401
-10011101111101011 (base 2) to base 12
-3a977
What is 233146 (base 9) in base 3?
21010011120
Convert 1cf727 (base 16) to base 12.
77665b
Convert -7048 (base 13) to base 15.
-4894
65865 (base 10) to base 6
1224533
What is 100110001101001010001 (base 2) in base 6?
42455533
Convert 6245064 (base 7) to base 2.
10110111010100011001
What is 320203011 (base 4) in base 14?
605a5
Convert 1021304110 (base 5) to base 6.
113431453
What is -155067 (base 10) in base 5?
-14430232
12305105 (base 8) to base 3
12010022101122
1562304 (base 8) to base 7
3561100
1512556 (base 7) to base 9
342251
What is -7ca6c (base 13) in base 9?
-376762
Convert 48fbf (base 16) to base 10.
298943
Convert -11323 (base 16) to base 9.
-116551
Convert 2262a0 (base 11) to base 10.
359722
Convert 22210020221 (base 3) to base 11.
108a47
131230 (base 5) to base 2
1010001000110
What is -727970 (base 10) in base 14?
-14d41c
-100022011 (base 3) to base 12
-3b11
-1694556 (base 11) to base 2
-1010111110000011101010
Convert -332021 (base 9) to base 3.
-101002000201
Convert -121022002221 (base 3) to base 6.
-10513211
3c7bb8 (base 13) to base 11
917490
2120011200 (base 4) to base 3
1011122112000
What is 252573 (base 10) in base 13?
8ac69
-519183 (base 11) to base 16
-cb257
130221200 (base 4) to b